der when c is divided by 24.
19
Let o = 114 + -111. Calculate the remainder when 3 is divided by o.
0
Suppose 0 = -3*x + 5*g + 946, g + 316 = -0*x + x. What is the remainder when x is divided by 23?
18
Let g(h) = -h**2 - 3*h - 5. Let b be g(-3). Let z(a) = -a**3 - 5*a**2 + 1. What is the remainder when z(b) is divided by 1?
0
Let j = 7117 - 3567. What is the remainder when j is divided by 12?
10
Let r be 16/40 + (0 - (-1314)/15). Suppose 2*q = -q - f + r, 4*q + 3*f = 109. Calculate the remainder when 60 is divided by q.
29
Let m = -189 - -243. Calculate the remainder when m is divided by 7.
5
Suppose -5*r + 0*b + 585 = -5*b, 0 = -4*r + 3*b + 470. Calculate the remainder when 711 is divided by r.
116
Let s(c) = -24*c + 107. What is the remainder when s(-8) is divided by 39?
26
Suppose 36 = 8*w + 4. Suppose -w*h = -155 + 31. Calculate the remainder when h is divided by 16.
15
Suppose -61*b = -64*b + 6. Let w = 5 - -4. Calculate the remainder when w is divided by b.
1
Suppose -5*u - 2 = -5*l - 102, -5*u = -3*l - 68. Let j be l/72 + 734/(-18). Let g = -27 - j. Calculate the remainder when g is divided by 9.
5
Suppose 6*f = 77 + 55. Calculate the remainder when f is divided by 10.
2
Let c(h) = h**3 + 27*h**2 + 89*h + 18. What is the remainder when c(-23) is divided by 8?
7
Suppose -2*c + 1 = -3. Suppose -3*q - o = -181, q = c*o - 0*o + 65. Let l(k) = k**3 + 8*k**2 + 5*k + 2. What is the remainder when q is divided by l(-7)?
13
Suppose -2*m + 4*m - 5*p = -47, 5*m = -p - 104. Calculate the remainder when -4 + (-78)/m + (-984)/(-14) is divided by 18.
16
Let i(l) = -15*l - 3. Let v be i(1). What is the remainder when 6/v - 156/(-9) is divided by 7?
3
Let g(c) = -1 + 50*c**2 + 60*c**2 - 5*c**3 - c - 112*c**2. Calculate the remainder when 130 is divided by g(-2).
31
Suppose -11*b + 154 = -4*b. Suppose 14*m - 330 = -b. Calculate the remainder when 125 is divided by m.
15
Suppose 5*q + 1156 = 3*u, 4*q = -2*u - u + 1192. Suppose -4*m + 0*m = -u. What is the remainder when m is divided by 20?
18
Let b = 567 + -552. Calculate the remainder when 88 is divided by b.
13
Let j(s) = -3*s - 2. Suppose 52*g - 49*g = 21. Calculate the remainder when g is divided by j(-2).
3
Suppose -3*g + 809 = -3*f + 5, 4*f = 3*g - 802. Calculate the remainder when g is divided by 55.
50
Suppose 3*b = 6*b - 360. Let o = b - 52. What is the remainder when o is divided by 14?
12
Let d(k) = -19*k - 1. Let x be (-9 + 7)*2/4. What is the remainder when d(x) is divided by 37/4 + (-3)/(-4)?
8
Suppose 100 = 2*y - 4*j, -3*y - j + 182 = y. Suppose -k - 5*q = -7, 5*q + 0 - 19 = 3*k. What is the remainder when y is divided by 5*k/(-15)*13?
7
Let g(q) = -11*q - 49. What is the remainder when g(-12) is divided by 28?
27
Calculate the remainder when 4/(-26) - -2*1148/52 is divided by 28.
16
Suppose 1035 = -12*q + 5463. Calculate the remainder when q is divided by 75.
69
Suppose u = -2*u + 45. Let w be 2/14 - ((-456)/14)/3. Suppose -i + w*i - 80 = 0. What is the remainder when u is divided by i?
7
Let n(s) = s + 14. Let x be n(0). Let i = 21 - x. Let m = -260 - -272. What is the remainder when m is divided by i?
5
Suppose 0*p = p - 10. What is the remainder when (-122)/366*(-2 - (-104)/(-2)) is divided by p?
8
Suppose 47*y = 31*y + 176. Calculate the remainder when 27/(-1)*6/(-9) is divided by y.
7
Suppose 58 = -2*y + 7*y - c, -y = c - 8. Let m(t) = t + 7. Let o(z) = -z - 8. Let q(x) = 2*m(x) + 3*o(x). Calculate the remainder when y is divided by q(-13).
2
Suppose 14 - 4 = 5*i. Suppose 0*y = i*y - 4. Suppose -3*n - 14 = -4*m, -3*n - 11 = -y*m - 1. What is the remainder when m is divided by 1?
0
Suppose 3*t = 4*d - 37, t + 5*d + 38 = -6. Calculate the remainder when t/2*-1*6 is divided by 12.
9
Suppose -3*i - 11 = -38. Let w be (-384)/15 + (-12)/30. Let m = 42 + w. What is the remainder when m is divided by i?
7
What is the remainder when 287 is divided by 62 - (-2 - (-5 + -1))?
55
Suppose -31*c + 1428 = -1114. What is the remainder when 176 is divided by c?
12
Suppose 9*r = 7*r - 36. Let d be (15/r)/(3/(-18)). Suppose -8 = -4*x, -5*w + 250 = d*x + 75. What is the remainder when w is divided by 17?
16
Let l be (0 + -6)*(-3)/2. What is the remainder when 16 is divided by 3/(-2)*(-30)/l?
1
Let r(l) = -l**2 + 7*l - 7. Let p be (12/(-30))/((-1)/5). What is the remainder when 8 is divided by r(p)?
2
Let y(z) = 6*z**2 + z - 13. What is the remainder when y(9) is divided by 21?
20
Let w = 234 + -50. What is the remainder when w is divided by 45?
4
Let s be 54/10 + (-3)/(-30)*-4. Let i = 46 + s. What is the remainder when i is divided by 14?
9
Let g(q) = q**3 + 10*q**2 + 11*q + 27. What is the remainder when g(-4) is divided by 36?
7
Let x = 73 + -45. What is the remainder when x is divided by 11?
6
Let b = -13 + 29. Suppose 4 = 5*m - b. Calculate the remainder when ((-1 - -4) + -19)/(-2) is divided by m.
0
Let l be 16/12 + (-280)/(-6). Suppose m - 3*m + l = 0. Let g = m + 6. What is the remainder when 119 is divided by g?
29
Suppose -c - 5 = -4*s, 3*s - 5*c - 108 + 83 = 0. Let v(k) = 20 - k**2 + 8 + 2*k - k. Calculate the remainder when v(s) is divided by 11.
6
Let f = -19 - -17. Let w = 2 + f. Suppose w*j - j + 17 = 0. Calculate the remainder when 49 is divided by j.
15
Let u(m) = -m - 6. Let r be u(-9). Suppose p = r*p. Suppose 2*h - 3*h + 15 = p. What is the remainder when 58 is divided by h?
13
Let b(y) = y - 12. Let x be b(13). Suppose 6 = 3*k, 0*k = 3*l + k - 158. Calculate the remainder when l is divided by x*(-22)/(3 + -5).
8
Let z = 3 - 7. Let x be (z/(-2) - -2) + -2. Suppose -x*f + 82 = -0*f. What is the remainder when f is divided by 11?
8
Suppose 0 = 4*x - 3*x + 5. Let u(l) = -l**3 - 2*l**2 + 4*l - 4. Let n be u(x). Suppose n = 5*q - 19. What is the remainder when 41 is divided by q?
13
Suppose 2*i + 1 = 9. Suppose -i*k - 27 = -3*q, 2*k - 45 = -5*q - k. What is the remainder when q is divided by 3?
0
Let y(n) = 16*n + 17. What is the remainder when 31 is divided by y(0)?
14
Let o(f) = f**3 + f**2 - 3*f + 12. Calculate the remainder when 9 is divided by o(-3).
0
Let p(q) = -3*q + 177. What is the remainder when 1113 is divided by p(28)?
90
Let h = 48 - 27. Suppose -33 = -2*f + 5*j - 12, 0 = 4*f - 3*j - h. Suppose 21 = a + 3*d - 0, 4*a - f*d = 9. What is the remainder when a is divided by 3?
0
Suppose 5*q + 4*j - 2474 + 717 = 0, -3*q + 3*j = -1038. Calculate the remainder when q is divided by 14.
13
Let i = 2165 - 2041. What is the remainder when i is divided by 17?
5
Let a(o) = o**3 - 6*o**2 - o + 4. Let l be a(3). Let w = 50 + l. Suppose -3*c = 5*z - 82, 0 = -4*z - 4*c + 7 + 65. What is the remainder when w is divided by z?
10
Let q = -9 - -6. What is the remainder when (q/(-1))/((-1)/(-5)) is divided by 8?
7
Suppose 0 = -3*n, n - 18 + 27 = m. What is the remainder when 143 is divided by m?
8
Suppose -5*x + 26 = 6. What is the remainder when 90/(-20)*x/(-6) is divided by 3/(6 + 1 + -4)?
0
Suppose -4*f = -z + 30, -4*f - 8 = -2*z + 48. Let r = -15 + 14. Calculate the remainder when (4/2)/r + 53 is divided by z.
25
Let y = -1074 + 1092. Calculate the remainder when 124 is divided by y.
16
Let q = -67 - -75. Suppose -7*b - 134 = -q*b. What is the remainder when b is divided by 15?
14
Let h(b) = -b**3 + 10*b**2 - 5*b + 6. Let w be h(5). Let x(z) = z**3 - 38*z**2 - 81*z + 46. Calculate the remainder when w/10 + 8/20 is divided by x(40).
5
Suppose -6*p + 3 = 3. Suppose p = -5*f + 206 + 444. Calculate the remainder when f is divided by 33.
31
Let j(a) be the third derivative of a**5/12 + a**4/8 + a**3/3 + 4*a**2. Let v be j(-2). Suppose -2*s + v = -22. What is the remainder when 36 is divided by s?
17
Let d be 340/153 + 4/(-18). Let s(m) = -m**3 - m**2 + 8*m + 3. Calculate the remainder when s(-5) is divided by d/8 - (-189)/12.
15
Let b(o) = -o**3 + 11*o**2 - o - 87. What is the remainder when 577 is divided by b(8)?
92
Suppose 2*i + 95 - 261 = 0. Let f = 89 - i. Calculate the remainder when 16 is divided by f.
4
Let l = -22 + 49. Suppose k - 2*c = 11, -l = -6*k + 3*k + 4*c. Suppose -k*p + 12 = -s, 6*p - p - 52 = -4*s. What is the remainder when 31 is divided by s?
7
Suppose 5*v + 3 = -2*a + 62, a - 40 = v. Let x(j) be the third derivative of -j**4/6 - 11*j**3/6 - 8*j**2. Calculate the remainder w